{"id":275,"date":"2022-04-03T15:01:16","date_gmt":"2022-04-03T13:01:16","guid":{"rendered":"http:\/\/smepoka.pl\/?page_id=275"},"modified":"2025-11-26T09:59:02","modified_gmt":"2025-11-26T08:59:02","slug":"zarzad","status":"publish","type":"page","link":"https:\/\/smepoka.pl\/?page_id=275","title":{"rendered":"Zarz\u0105d"},"content":{"rendered":"<p>Sk\u0142ad Zarz\u0105du SM EPOKA:<\/p>\n<p>Barbara Bili\u0144ska &#8211; prezes zarz\u0105du<\/p>\n<p>Katarzyna Lipiec &#8211; cz\u0142onek zarz\u0105du<\/p>\n<p>e-mail:\u00a0<a href=\"mailto:zarzad@smepoka.pl\">zarzad@smepoka.pl<\/a><\/p>\n","protected":false},"excerpt":{"rendered":"<p>Sk\u0142ad Zarz\u0105du SM EPOKA: Barbara Bili\u0144ska &#8211; prezes zarz\u0105du Katarzyna Lipiec &#8211; cz\u0142onek zarz\u0105du e-mail:\u00a0zarzad@smepoka.pl<\/p>\n","protected":false},"author":1,"featured_media":0,"parent":0,"menu_order":0,"comment_status":"closed","ping_status":"closed","template":"","meta":{"footnotes":""},"class_list":["post-275","page","type-page","status-publish","hentry"],"_links":{"self":[{"href":"https:\/\/smepoka.pl\/index.php?rest_route=\/wp\/v2\/pages\/275","targetHints":{"allow":["GET"]}}],"collection":[{"href":"https:\/\/smepoka.pl\/index.php?rest_route=\/wp\/v2\/pages"}],"about":[{"href":"https:\/\/smepoka.pl\/index.php?rest_route=\/wp\/v2\/types\/page"}],"author":[{"embeddable":true,"href":"https:\/\/smepoka.pl\/index.php?rest_route=\/wp\/v2\/users\/1"}],"replies":[{"embeddable":true,"href":"https:\/\/smepoka.pl\/index.php?rest_route=%2Fwp%2Fv2%2Fcomments&post=275"}],"version-history":[{"count":19,"href":"https:\/\/smepoka.pl\/index.php?rest_route=\/wp\/v2\/pages\/275\/revisions"}],"predecessor-version":[{"id":1136,"href":"https:\/\/smepoka.pl\/index.php?rest_route=\/wp\/v2\/pages\/275\/revisions\/1136"}],"wp:attachment":[{"href":"https:\/\/smepoka.pl\/index.php?rest_route=%2Fwp%2Fv2%2Fmedia&parent=275"}],"curies":[{"name":"wp","href":"https:\/\/api.w.org\/{rel}","templated":true}]}}