{"id":273,"date":"2022-04-03T15:00:55","date_gmt":"2022-04-03T13:00:55","guid":{"rendered":"http:\/\/smepoka.pl\/?page_id=273"},"modified":"2025-10-08T18:26:41","modified_gmt":"2025-10-08T16:26:41","slug":"rada-nadzorcza","status":"publish","type":"page","link":"https:\/\/smepoka.pl\/?page_id=273","title":{"rendered":"Rada Nadzorcza"},"content":{"rendered":"\t\t<div data-elementor-type=\"wp-page\" data-elementor-id=\"273\" class=\"elementor elementor-273\">\n\t\t\t\t\t\t<section class=\"elementor-section elementor-top-section elementor-element elementor-element-15fe7d7 elementor-section-boxed elementor-section-height-default elementor-section-height-default\" data-id=\"15fe7d7\" data-element_type=\"section\" data-e-type=\"section\">\n\t\t\t\t\t\t<div class=\"elementor-container elementor-column-gap-default\">\n\t\t\t\t\t<div class=\"elementor-column elementor-col-100 elementor-top-column elementor-element elementor-element-1a37f59\" data-id=\"1a37f59\" data-element_type=\"column\" data-e-type=\"column\">\n\t\t\t<div class=\"elementor-widget-wrap elementor-element-populated\">\n\t\t\t\t\t\t<div class=\"elementor-element elementor-element-d060908 elementor-widget elementor-widget-text-editor\" data-id=\"d060908\" data-element_type=\"widget\" data-e-type=\"widget\" data-widget_type=\"text-editor.default\">\n\t\t\t\t<div class=\"elementor-widget-container\">\n\t\t\t\t\t\t\t\t\t<p style=\"color: #47425d; font-family: Raleway;\"><span style=\"font-weight: 600;\">Rada Nadzorcza<\/span><\/p>\n<p style=\"color: #47425d; font-family: Raleway;\">e-mail: <a href=\"mailto:rada.nadzorcza@smepoka.pl\">rada.nadzorcza@smepoka.pl<\/a><span style=\"font-weight: 600;\"><br><\/span><\/p>\n<p style=\"color: #47425d; font-family: Raleway;\"><span style=\"font-weight: 600;\">Sk\u0142ad:<\/span><\/p>\n<div>\n<p style=\"margin: 0cm 0cm 0.0001pt; background-image: initial; background-position: initial; background-size: initial; background-repeat: initial; background-attachment: initial; background-origin: initial; background-clip: initial;\"><span style=\"caret-color: rgb(0, 0, 0); color: rgb(0, 0, 0); font-family: -webkit-standard; font-size: medium; letter-spacing: normal; text-align: start;\">Krystyna \u0141azutka &#8211; Przewodnicz\u0105ca Rady Nadzorczej<\/span><br style=\"caret-color: rgb(0, 0, 0); color: rgb(0, 0, 0); letter-spacing: normal; text-align: start;\"><span style=\"caret-color: rgb(0, 0, 0); color: rgb(0, 0, 0); font-family: -webkit-standard; font-size: medium; letter-spacing: normal; text-align: start;\">Gra\u017cyna Szel\u0105g &#8211; Cz\u0142onek Rady Nadzorczej<\/span><br style=\"caret-color: rgb(0, 0, 0); color: rgb(0, 0, 0); letter-spacing: normal; text-align: start;\"><span style=\"caret-color: rgb(0, 0, 0); color: rgb(0, 0, 0); font-family: -webkit-standard; font-size: medium; letter-spacing: normal; text-align: start;\">Angelica Wudalas &#8211; Cz\u0142onek Rady Nadzorczej<\/span><br><\/p><p style=\"color: #47425d; font-family: Raleway;\">\n<\/p><\/div>\t\t\t\t\t\t\t\t<\/div>\n\t\t\t\t<\/div>\n\t\t\t\t\t<\/div>\n\t\t<\/div>\n\t\t\t\t\t<\/div>\n\t\t<\/section>\n\t\t\t\t<\/div>\n\t\t","protected":false},"excerpt":{"rendered":"<p>Rada Nadzorcza e-mail: rada.nadzorcza@smepoka.pl Sk\u0142ad: Krystyna \u0141azutka &#8211; Przewodnicz\u0105ca Rady NadzorczejGra\u017cyna Szel\u0105g &#8211; Cz\u0142onek Rady NadzorczejAngelica Wudalas &#8211; Cz\u0142onek Rady Nadzorczej<\/p>\n","protected":false},"author":1,"featured_media":0,"parent":0,"menu_order":0,"comment_status":"closed","ping_status":"closed","template":"","meta":{"footnotes":""},"class_list":["post-273","page","type-page","status-publish","hentry"],"_links":{"self":[{"href":"https:\/\/smepoka.pl\/index.php?rest_route=\/wp\/v2\/pages\/273","targetHints":{"allow":["GET"]}}],"collection":[{"href":"https:\/\/smepoka.pl\/index.php?rest_route=\/wp\/v2\/pages"}],"about":[{"href":"https:\/\/smepoka.pl\/index.php?rest_route=\/wp\/v2\/types\/page"}],"author":[{"embeddable":true,"href":"https:\/\/smepoka.pl\/index.php?rest_route=\/wp\/v2\/users\/1"}],"replies":[{"embeddable":true,"href":"https:\/\/smepoka.pl\/index.php?rest_route=%2Fwp%2Fv2%2Fcomments&post=273"}],"version-history":[{"count":35,"href":"https:\/\/smepoka.pl\/index.php?rest_route=\/wp\/v2\/pages\/273\/revisions"}],"predecessor-version":[{"id":1128,"href":"https:\/\/smepoka.pl\/index.php?rest_route=\/wp\/v2\/pages\/273\/revisions\/1128"}],"wp:attachment":[{"href":"https:\/\/smepoka.pl\/index.php?rest_route=%2Fwp%2Fv2%2Fmedia&parent=273"}],"curies":[{"name":"wp","href":"https:\/\/api.w.org\/{rel}","templated":true}]}}